e o(1).
-1
Suppose -2*w - 5*x - 2 = -7*x, 0 = 2*x - 2. Let z(u) = 2 - 6*u**2 + w + 4*u**3 - 5*u**3 + 5*u - 9. Calculate z(-7).
7
Let l(f) = -4*f**2 + f**3 - 4*f**2 + 8*f + 5*f**2 - 6308 - 3*f**3 + 6303. Calculate l(-3).
-2
Let l(s) = -s**2 + 12*s + 3. Let j(v) = -v + 25. Let y be j(13). Suppose y*m - 257 = -113. Give l(m).
3
Let w(p) = -19*p**3 - 111*p**2 - 74*p - 159. Let i(z) = 7*z**3 + 38*z**2 + 24*z + 53. Let q(r) = 8*i(r) + 3*w(r). What is q(-28)?
3
Let k = -39 - -44. Suppose d - 5*m = -35, k*d + 60 = -3*m + 5*m. Let f(h) be the first derivative of h**3/3 + 5*h**2 - h - 14. Give f(d).
-1
Let w(s) be the first derivative of s**4 - s**3/3 - 3*s**2/2 + 3*s + 791. Calculate w(2).
25
Let x(c) = -c**2 + 4*c - 3. Let k(t) = 4*t**2 - 12*t + 11. Let m be k(1). Determine x(m).
0
Let u(x) = x**2 - 6*x + 19. Let y(t) = t**3 + 46*t**2 - 47*t + 4. Let v be y(-47). Determine u(v).
11
Let t(q) = 18. Let x(p) = -2*p + 180. Let f(c) = 30*t(c) - 3*x(c). Let b be (-3)/9 + 8/6. Calculate f(b).
6
Let u = 17070 + -17073. Let d(v) = 8*v + 9. Let z(l) = l - 1. Let x(p) = -d(p) + 5*z(p). Let f(j) = -j - 5. Let s(r) = 8*f(r) - 3*x(r). Calculate s(u).
-1
Let w(m) be the third derivative of -m**4/8 - m**3/2 - 3*m**2. Suppose 2*l + 406*v = 401*v + 10, 0 = -l - 5*v + 5. Determine w(l).
-18
Suppose -4*c = -3*p - 12, 3*c - 5*p = 3959 - 3928. Let a(z) = z**3 + 4*z**2 - 5*z - 19. Give a(c).
5
Let c(m) = m**3 + 4*m**2 + 2*m - 2. Suppose 0 = -3*s + 5*q + 170 - 1, 5*s - 287 = 3*q. Suppose -s + 38 = -5*r. Suppose 17 = -r*n + 9. Give c(n).
2
Let x = -666 + 676. Let s(j) = -3*j + 15 + x + 2*j - 12. Give s(9).
4
Suppose 9*q = -5*q + 560. Let m(b) = -q + 76 - 12*b - 7*b + 9*b - 35. Give m(3).
-29
Let h(u) = u**3 - 5*u**2 - 8*u + 6. Let m = 195 - 193. Let o be m*2/(-10)*(-11 - 4). What is h(o)?
-6
Let d(k) = 5*k - 25*k**2 + 91*k**2 - 5*k - 35*k**2. What is d(-1)?
31
Let k(u) = 4*u - 5. Let f(q) = q**3 + q**2 + 109. Let j be f(-5). Determine k(j).
31
Suppose -4*c - 36 = -7*c. Suppose -c = 15*y - 13*y. Let w(p) be the first derivative of -p**2/2 + 6*p - 220. Calculate w(y).
12
Let f(w) = -374 - 381 - 366 - 3*w + 1131. What is f(13)?
-29
Let n(d) be the first derivative of -2*d**3 - d - 343. Suppose -r + 8 = 9. Calculate n(r).
-7
Let w be 5/1 - 2956*(-11)/44. Let u(p) = w*p - 9 - 368*p - 373*p. Give u(6).
9
Let p(q) = -2106*q - 10*q**2 + 2112*q - 50*q**3 - 7 + 17*q**2 + 51*q**3. Let z(v) = v**3 - 7*v**2 - 2*v + 8. Let t be z(7). Determine p(t).
-7
Let i be (2/(-4))/(9/(-846)). Let f = -31 + i. Let a be ((-8)/f)/(1/2). Let u(k) = -5*k + 1. What is u(a)?
6
Let g(v) = -v**3 + 5*v**2 + v + 2. Let l = 203 + -210. Let h = -1 - l. Calculate g(h).
-28
Let v(x) = -x**3 - x - 1. Let h(c) = c**3 + 6*c**2 - 7*c + 2. Let p be h(-7). Let d be (-1 - p/(-6))/(3/(-9)). Give v(d).
-11
Let i(v) = v - 8. Let w be i(8). Let j be 1*(w - 40*1). Let h be j/(-8) - (2 + 0). Let p(c) = -c**3 + 4*c**2 - 3*c - 1. What is p(h)?
-1
Let m(j) be the first derivative of -j**3/3 + 3*j**2/2 + 34*j - 200. Let d be m(-4). Let k(h) = h**2 - 9*h + 6. Calculate k(d).
-12
Let b(f) = -f**2 - 5*f + 10. Let l = -15540 - -15535. Give b(l).
10
Let p(f) = f. Let c(y) = -4*y - 9. Let k(r) = c(r) + 6*p(r). Let h be ((3 - -54) + 3)*(-10)/(-4). Suppose -13*l + h = 12*l. Calculate k(l).
3
Let p(j) = 3*j - 20. Suppose -165*b = -172*b + 28. Calculate p(b).
-8
Let t be (-5)/(5/(-27)) - (-44)/11. Let b(u) = 8*u - t*u - u**3 + 7 - 6*u**2 + 11*u + 11*u. What is b(-6)?
13
Let d(o) = o**2 - 3*o - 2. Let l(t) = -t**2 + t. Let x be l(1). Let p be ((3 - x)*2)/((-2)/(-3)). Suppose -p*b = -8*b - 3. What is d(b)?
-2
Let n(o) = -o**2 + 3*o + 5. Let z be n(-6). Let m = 50 + z. Let t(p) = 66*p + m - 137*p + 74*p. Give t(-7).
-20
Let l = -31 + 34. Suppose l*g + 0 - 9 = 0. Let v(a) = 2*a + 2. Calculate v(g).
8
Suppose -q - 9 + 11 = 0. Suppose -g + 2*s - 19 = -s, -q = 2*g + 3*s. Let a = 0 + g. Let v(m) = -m**3 - 8*m**2 - 6*m + 5. Calculate v(a).
-2
Suppose 0 = 2*v - 4 + 2. Let f = 45 + -41. Suppose -v = -f*k - 13, 11 = 4*u - k. Let r(b) = b**3 + b**2 - 2*b - 1. Determine r(u).
7
Let v(x) = x**3 - x**2 - 2*x - 1. Let z(o) = -2*o**3 + 6*o**2 - 2*o - 6. Let p be z(2). Let h(m) = 3*m**2 + 2*m - 4. Let w be h(p). Give v(w).
39
Let a(i) = i**3 + 6*i**2 + i + 12. Let g(l) = -18*l - 1 + 6 + 8 - 5 + 22. Let u be g(2). Give a(u).
6
Suppose 0 = -3*r + 74 - 14. Suppose -3*c + j = 27, 2*c - j + r = 2. Let f(n) = -n**3 - 8*n**2 + 7*n - 11. Determine f(c).
7
Let i(f) = -11*f**2 + 4*f + 2. Suppose 309 = -4*v + 305. Give i(v).
-13
Let h(o) = 233*o**2 + o - 1. Let k be h(-1). Let c(u) = -k*u**2 - 4 + 12 - 3*u**3 + 237*u**2 + 2*u**3. Let b = -3 + 9. What is c(b)?
8
Let k(l) = 29*l**2 - 4*l - 5. Let z be k(-1). Let i(w) = -27*w - z*w - 3 + 50*w - w**2. Give i(-6).
-9
Let q be 4 + (4 - 1 - 3)/(-2). Let f be (-1)/1*(-1 - q/1). Let l(z) = -z**3 + 6*z**2 - 7*z + 5. Give l(f).
-5
Suppose -3*a - 465 + 51 = 0. Let f = a + 132. Let j(l) = l**2 + 6*l + 7. What is j(f)?
7
Let g(k) = -k**2 + 18*k - 33. Let w be (1 + (-1)/(-1))/(2/(-38)). Let c = -22 - w. Let i be g(c). Let b(q) = q**3 + q**2 + q + 1. What is b(i)?
0
Let f(y) = 22*y**3 - 4*y**2 - 76*y + 32. Let m(d) = 17*d**3 - 3*d**2 - 59*d + 24. Let g(r) = 7*f(r) - 9*m(r). Suppose 0*k = -5*k. Give g(k).
8
Let g = -54 - -76. Let w = g - 23. Let z(y) = y**2 - 1. Let s(l) = -28*l**2 + 35. Let d(x) = -2*s(x) - 70*z(x). Give d(w).
-14
Let s(y) = 101451*y - 61 - 50720*y - 50728*y. Determine s(15).
-16
Let q(z) be the first derivative of -2*z**3/3 + 7*z**2/2 + 11*z - 643. What is q(6)?
-19
Suppose -77 = 91*h - 987. Let g(o) be the third derivative of -o**6/120 + o**5/6 - o**4/24 + o**3/6 - 2*o**2. Give g(h).
-9
Let m(k) be the first derivative of 1/30*k**5 + 11*k**2 - 9 + 1/24*k**4 + 0*k**3 + 0*k - 1/24*k**6. Let h(s) be the second derivative of m(s). Determine h(-1).
6
Let q(w) be the second derivative of -2*w**3/3 + 9*w**2/2 - 13*w. Suppose -14*y + 1748 = 1692. What is q(y)?
-7
Let p(u) be the third derivative of 1/60*u**5 + 0 + 0*u - 31*u**2 + 13/24*u**4 - 4/3*u**3. Give p(-14).
6
Suppose -68*w - 24 = -64*w. Let f be w*(-2)/24*-2. Let j(y) = -2*y. Determine j(f).
2
Let x(d) be the first derivative of -5*d**3/3 - 3*d**2/2 - 3*d - 504. What is x(3)?
-57
Let b(r) be the first derivative of 0*r**2 - 3*r + 1/3*r**3 - 1/4*r**4 - 113. Let q = -4 + 4. What is b(q)?
-3
Let b(p) = -24*p + 145. Let j(o) = 57*o - 362. Let t(w) = -12*b(w) - 5*j(w). Determine t(-20).
10
Suppose 0 = -47*s + 32*s - 315. Let l be s/6 + 1/(-6)*3. Let z(v) be the third derivative of v**4/24 + v**3/3 + v**2. What is z(l)?
-2
Suppose -6*n + 2*n + 44 = 0. Let c = n + -11. Let v(x) = 3912*x - 7825*x + 3914*x - 10. Calculate v(c).
-10
Let r(n) = 28*n**2 - 281*n + 366. Let l(q) = 3*q**2 - 31*q + 39. Let v(s) = 19*l(s) - 2*r(s). What is v(0)?
9
Suppose 2*b - 665*w + 24 = -661*w, 3*b = 5*w - 33. Let h(v) = 3*v**2 + 4*v - 20. Determine h(b).
64
Let j = -160 + 165. Let x(u) = -u - 3. Let h(g) = -1. Let z(a) = j*h(a) - x(a). Let f = -1 + 4. Give z(f).
1
Let p(t) = 7*t**2 - 1. Let q be p(-1). Let r(z) be the first derivative of -1/4*z**4 - 1/2*z**2 + 2*z**3 - 124 + 4*z. What is r(q)?
-2
Let g(l) = l**2 + 4*l + 5. Suppose 304 = 2*v - 430. Let a = 365 - v. Calculate g(a).
1
Let s(o) = -483 + 10*o + 478 + 11*o. Let y(g) = -14*g + 3. Let c(f) = 5*s(f) + 8*y(f). Calculate c(-1).
6
Suppose n = 4*r + 7, 2*n - 9*r = -5*r + 6. Let a(p) = -17*p**2 - 16*p + 1. Give a(n).
0
Let o(a) = -54*a**2 + 244*a - 45. Let h(i) = 19*i**2 - 85*i + 15. Let c(q) = -17*h(q) - 6*o(q). Calculate c(17).
-19
Let u be (-3)/12 + 5/4. Let i(b) be the second derivative of 1/3*b**3 + 0 - 58*b - 1/2*b**2 - 2/3*b**4. Calculate i(u).
-7
Let y(r) = -r**3 - 10*r**2 + 17*r + 3. Let d be (-9)/(-81) + 327/(-27). Calculate y(d).
87
Suppose -5*a + 18 = -2*t, -4*t = -3*a - 9*t + 17. Let o(c) = 58 - 63 + 0*c - 3*c + c. Give o(a).
-13
Let c(z) = 696*z + 4 - 3 + 0 - 697*z. Calculate c(10).
-9
Let x(z) = -18*z + 20*z - 23 - 9 - 52. Calculate x(36).
-12
Let c(h) = 12 - 10*h + 0*h**2 - 7*h**2 + h**3 - 3 + 39*h - 37*h. Suppose 4*w = -2*a - w + 6, 5*a = -4*w + 32. Determine c(a).
9
Suppose -111 = -273*n + 319*n + 395. Let z(h) = 49*h + 540. Calculate z(n).
1
Suppose -4*s = -3*s + 2, u + 3*s = 0. Let z(h) = 2*h**2 - 14*h + 13. Let q be z